90)?
-15
Let j(g) = 2*g**3 + 77*g**2 + 1299*g + 6498. Give j(-8).
10
Let q(t) = -466*t - 5301. Determine q(-9).
-1107
Let q(n) = 2*n**3 + 14*n**2 - 130*n - 695. Give q(-10).
5
Let x(q) = -10*q**3 + 6*q**2 + 53*q + 18. Calculate x(-5).
1153
Let r(t) = -30*t**3 - 181*t**2 + 266*t + 1644. What is r(-6)?
12
Let s(l) = 5776*l + 86621. Determine s(-15).
-19
Let l(h) = -665*h**2 - 94*h + 74. Calculate l(1).
-685
Let r(p) = -70066*p + 1121242. Determine r(16).
186
Let i(a) = 57738*a - 4157002. Determine i(72).
134
Let s(k) = -k**2 + 1871*k + 322754. Determine s(-159).
-16
Let m(j) = -794*j**2 - 1639*j + 25. Give m(-2).
127
Let f(c) = 7*c**2 + 184*c + 621. Determine f(-24).
237
Let z(n) = 9*n**2 + 193*n + 1327. What is z(-7)?
417
Let t(z) = 9543*z**2 - 9576*z + 31. Give t(1).
-2
Let i(u) = -2678*u + 13481. Give i(5).
91
Let h(c) = -1845*c**2 + 20291*c + 14. What is h(11)?
-30
Let q(n) = -3*n**3 + 447*n**2 - 1308*n - 866. Give q(146).
10
Let o(y) = -2*y**3 + 46*y**2 - 478*y + 9540. What is o(22)?
-8
Let u(r) = -34787*r - 1043346. Determine u(-30).
264
Let n(k) = -200*k - 43800. Give n(-219).
0
Let q(t) = -t**3 - 119*t**2 + 491*t - 176. Determine q(-123).
-53
Let k(t) = -12*t**3 + 82*t**2 + 743*t - 47. What is k(12)?
-59
Let u(p) = -18609*p + 186231. Calculate u(10).
141
Let t(n) = 54*n - 8904. Determine t(166).
60
Let y(a) = -50*a**2 + 2665*a - 7591. What is y(3)?
-46
Let p(s) = -4*s**2 - 643*s - 12902. Give p(-20).
-1642
Let v(o) = -o**3 + 22*o**2 - 71*o + 325. Determine v(19).
59
Let n(h) = -28541*h - 342442. Calculate n(-12).
50
Let m(x) = -1588*x - 15905. Determine m(-10).
-25
Let t(l) = 21*l**3 + 72*l**2 + 18*l - 2. What is t(-6)?
-2054
Let w(i) = -2*i**3 - 375*i**2 - 313*i - 94186. Determine w(-188).
2
Let o(a) = -6*a**3 - 11*a**2 - 34*a + 207. Give o(-8).
2847
Let p(l) = 4*l**3 - 3*l**2 + 30*l - 155. Determine p(5).
420
Let y(v) = -v**3 - 1065*v**2 + 225*v + 239675. Give y(-1065).
50
Let k(y) = 1066*y + 43592. What is k(-41)?
-114
Let c(f) = 27*f**2 - 2458*f + 4925. Give c(2).
117
Let h(v) = 17663*v + 1042464. Calculate h(-59).
347
Let q(g) = 7056*g + 12923. What is q(-2)?
-1189
Let u(o) = 3*o**3 - 275*o**2 - 5674*o + 598. What is u(109)?
-56
Let q(w) = -2*w**3 - 242*w**2 - 2055*w - 4369. What is q(-112)?
-1
Let q(b) = -293*b**2 + 36*b - 75. Calculate q(2).
-1175
Let y(d) = d**3 + 41*d**2 + 287*d - 85. Calculate y(-32).
-53
Let c(f) = -2*f**2 - 223*f + 128512. Calculate c(-315).
307
Let k(b) = 30828*b + 123318. What is k(-4)?
6
Let n(z) = -z**3 - 28*z**2 - 163*z - 196. Calculate n(-19).
-348
Let l(b) = -2*b**2 + 1317*b - 12932. What is l(10)?
38
Let l(h) = h**2 - 628*h - 123274. Give l(-157).
-29
Let y(w) = -3*w**2 - 1789*w + 155335. What is y(77)?
-205
Let w(j) = 2*j**2 + 554*j + 19198. Give w(-238).
634
Let a(b) = b**3 - 124*b**2 + 6162*b - 135374. What is a(58)?
-2
Let u(f) = -18664*f - 7. Calculate u(0).
-7
Let i(k) = -461*k - 5138. Calculate i(-11).
-67
Let n(r) = 3*r**2 - 215*r - 2078. Determine n(-10).
372
Let p(r) = 289*r + 104045. Calculate p(-360).
5
Let j(i) = -43594*i - 219112. Calculate j(-5).
-1142
Let s(u) = 27*u**3 - 4*u**2 - 88*u - 7. What is s(0)?
-7
Let t(z) = -68*z**3 + 19922*z**2 + 589*z - 816. Calculate t(293).
63
Let h(i) = 9*i**3 + i**2 + 33*i - 38. Calculate h(1).
5
Let j(g) = 981*g - 18619. Give j(19).
20
Let h(p) = -13*p**2 + 1284*p - 2225. What is h(97)?
6
Let d(q) = q**3 - 72*q**2 - 655*q - 1027. Determine d(-6).
95
Let y(r) = 666*r**3 + 708621*r**2 - 3191*r + 1059. Determine y(-1064).
-5
Let v(u) = 29267*u - 2604766. What is v(89)?
-3
Let g(j) = j**3 - 66*j**2 + 381*j - 12119. What is g(63)?
-23
Let w(k) = -4*k**3 - 35*k**2 + 202*k + 5. What is w(6)?
-907
Let t(p) = 2910*p - 14541. Determine t(5).
9
Let j(x) = 672*x**2 + 4692*x - 196. Give j(-7).
-112
Let l(j) = 3606*j**2 + 137027*j - 40. Calculate l(-38).
-2
Let t(o) = -743*o - 24811. Give t(-32).
-1035
Let w(f) = -1316*f**2 - 2*f - 137. What is w(0)?
-137
Let h(s) = 248*s - 30793. What is h(122)?
-537
Let a(v) = -1109*v**2 - 1263*v + 26. Calculate a(-1).
180
Let w(h) = -2426*h + 109194. Determine w(45).
24
Let n(j) = -3*j + 617. Calculate n(-5).
632
Let j(n) = n**2 - 165*n - 18964. Give j(-78).
-10
Let l(t) = t**2 + 279*t + 7067. Give l(-28).
39
Let j(q) = 248*q + 4162. Determine j(-17).
-54
Let t(m) = -29*m**2 - 4084*m + 216188. Calculate t(41).
-5
Let c(m) = 1913895*m + 34450114. Give c(-18).
4
Let x(j) = -j**2 - 255*j + 18118. What is x(58)?
-36
Let c(v) = 23*v - 3899. Calculate c(179).
218
Let i(d) = -388*d**2 - 1126*d + 15. What is i(-3)?
-99
Let s(o) = 4*o**3 + 18*o**2 - 854*o + 2683. What is s(10)?
-57
Let q(m) = -2*m**3 + 55*m**2 + 406*m - 57. Calculate q(-7).
482
Let t(a) = -5*a**3 - 33*a**2 + 4064*a + 20501. Give t(-5).
-19
Let i(l) = 27837*l - 111338. Calculate i(4).
10
Let r(b) = b**3 - 20*b**2 - 196*b + 175. Calculate r(28).
959
Let m(d) = -53*d**3 - 324*d**2 + 294*d + 30. Calculate m(1).
-53
Let c(a) = -31162*a + 124651. Give c(4).
3
Let c(m) = 3*m**2 - 145*m + 13. Calculate c(48).
-35
Let z(h) = -389938*h - 779913. What is z(-2)?
-37
Let h(z) = -1092*z - 12408. Calculate h(-11).
-396
Let t(m) = -9*m**3 - 961*m**2 + 517*m + 32399. Give t(-107).
-22
Let w(z) = 3163*z - 12073. What is w(4)?
579
Let c(m) = -m**3 - 51*m**2 + 468*m + 27761. Determine c(-49).
27
Let k(v) = 1156*v - 8. What is k(0)?
-8
Let b(s) = s**2 + 103*s + 1102. What is b(-12)?
10
Let u(f) = -96555*f + 1255213. Determine u(13).
-2
Let n(l) = 112638*l + 1351668. Calculate n(-12).
12
Let p(z) = 1781*z**2 + 9067*z + 679. Calculate p(-5).
-131
Let c(u) = 33475*u - 33505. What is c(1)?
-30
Let k(o) = 4*o**3 - 37*o**2 + 3162*o - 28354. Calculate k(9).
23
Let l(x) = -28*x**2 + 4991*x - 10909. Determine l(176).
179
Let d(c) = -15729*c + 1384136. Calculate d(88).
-16
Let y(j) = -43473*j - 695552. Give y(-16).
16
Let v(l) = -2*l**3 + 394*l**2 - 492*l + 19702. What is v(196)?
102
Let p(k) = -k**2 - 98*k + 4306. Calculate p(-130).
146
Let n(y) = -2*y**2 + 444*y + 31804. What is n(279)?
-2
Let c(g) = g**3 - 69*g**2 + 80*g - 768. Determine c(68).
48
Let y(m) = 43*m**2 + 30591*m + 12753. Determine y(-711).
-45
Let h(c) = -47247*c + 283522. Give h(6).
40
Let a(v) = -129*v + 373. What is a(4)?
-143
Let z(r) = 11499*r - 34881. What is z(3)?
-384
Let y(t) = -2143*t + 57912. What is y(27)?
51
Let i(d) = 23*d**2 + 3023*d + 817. What is i(-131)?
-493
Let d(s) = -4*s**3 + 138*s - 51. What is d(6)?
-87
Let i(x) = 223*x**3 + 6*x**2 + 18*x - 23. Determine i(1).
224
Let z(d) = 5*d**2 + 181*d + 1532. What is z(-21)?
-64
Let z(y) = -457*y + 43737. What is z(103)?
-3334
Let u(t) = t**3 + 348*t**2 - 4331*t - 527939. Determine u(-356).
9
Let c(h) = 173*h + 6344. Give c(-38).
-230
Let s(q) = -q**3 + 260*q**2 - 1767*q + 125441. Calculate s(255).
-19
Let q(z) = z**3 - 78*z**2 + 215*z - 1051. Calculate q(76).
3737
Let i(v) = 5*v**3 + 81*v**2 + 141*v + 54. Give i(-13).
925
Let a(p) = -2*p**2 + 208*p + 31. Calculate a(105).
-179
Let o(g) = 7289*g + 153150. Determine o(-21).
81
Let i(l) = 19752*l**2 + 2389990*l - 212. Calculate i(-121).
30
Let x(j) = 1045*j + 6678. Give x(-8).
-1682
Let w(i) = i**2 - 35871*i + 107614. Give w(3).
10
Let u(v) = -3*v**3 - 145*v**2 - 1414*v - 3823. Calculate u(-5).
-3
Let t(c) = 13787*c - 1144321. Determine t(83).
0
Let l(g) = 3003*g**2 + 87090*g + 61. Calculate l(-29).
-26
Let u(d) = d**3 - 13*d**2 - 95*d - 115. Determine u(-9).
-1042
Let w(c) = 24824*c + 422004. Calculate w(-17).
-4
Let x(d) = 3*d**2 - 73*d + 568. Determine x(14).
134
Let n(u) = 9306*u + 269859. What is n(-29)?
-15
Let w(g) = 2*g**3 - 128*g**2 - 1481*g + 64. Determine w(74).
-10
Let v(n) = -2*n**3 + 351*n**2 - 507*n - 2424. What is v(174)?
186
Let o(r) = -r**3 + 3*r**2 + 2899*r - 11574. Calculate o(4).
6
Let g(q) = -q**2 - 203564*q - 1221332. Calculate g(-6).
16
Let b(t) = 3*t**3 - 941*t**2 + 17620*t + 1. Determine b(20).
1
Let u(h) = -112*h**2 + 17640*h + 8850. What is u(158)?
2
Let v(g) = -28*g**2 + 20273*g - 20274. Determine v(1).
-29
Let z(d) = -23739*d - 47104. Give z(-2).
374
Let x(c) = -923*c + 66449. Determine x(72).
-7
Let m(t) = -8823*t + 105877. What is m(12)?
1
Let k(f) = 32*f**2 + 2998*f + 671. What is k(-93)?
-1375
Let r(g) = 186239*g + 2793581. Give r(-15).
-4
Let c(z) = 43213*z - 216026. Determine c(5).
39